= -2*y**3 - 2*y**2 - y - 7. Let d be w(-3). Suppose 0 = -0*g - 2*g + d. Calculate the remainder when 29 is divided by g.
13
Suppose 0 = -2*s - 6, -205 = -5*p - 4*s - s. Suppose v - 3*a = 0, -3*v - 3*a + 35 = -5*a. What is the remainder when p is divided by v?
14
Let i be (8/5)/((-1)/(-10)). Suppose 3*z - i - 11 = 0. Calculate the remainder when 23 is divided by z.
5
Let h = -22 - -58. Calculate the remainder when 178 is divided by h.
34
Suppose -5*h + 4*s = -143, 2*s - 2 - 4 = 0. What is the remainder when h is divided by 16?
15
Let t be (-2)/(-6) + 23/3. Suppose 0 = -d + 4 + 24. Suppose -60 + t = -5*o - 2*w, 2*o - d = w. What is the remainder when o is divided by 7?
5
Suppose 3*g + 28 = 2*h, -3*h + 34 = -2*g + 12. What is the remainder when 22 is divided by g/5*(-15)/3?
6
Suppose 3*r = -5*g + 29, -2*g + 0*g = -2. What is the remainder when r is divided by 3?
2
Suppose -44 - 56 = -5*g. Let d(x) = 2 + x - 1 + x. Calculate the remainder when g is divided by d(5).
9
Suppose 0 = -0*w - 5*w + 20. Suppose -4*o = -5 - 3. Suppose 3*f = -o*t + 23, -t - 4*f + 15 = f. What is the remainder when t is divided by w?
2
Let x(t) = -3*t - 3 - 1 + 1 - 3. Calculate the remainder when x(-12) is divided by 11.
8
Calculate the remainder when 33 is divided by (160/88 - 4/(-22)) + 7.
6
Suppose 2*j - 54 = -3*g, -77 = -5*j - 5*g + 68. Calculate the remainder when j is divided by 17.
16
Let i(j) = j**2 - j - 5. Let u be i(0). Let w = 25 + u. Calculate the remainder when w is divided by 7.
6
Let a = -29 + 32. Calculate the remainder when a is divided by 3.
0
Suppose 3*n + 1 = -4*j, -5*j - 35 = -0*n - 3*n. Let t = 22 - n. Calculate the remainder when 31 is divided by t.
14
Let p(c) = -2*c**2 - c + 15. Let w(d) = -d**2 + 8. Let j(y) = 6*p(y) - 11*w(y). Let n be j(-5). Calculate the remainder when 15 is divided by (-4)/(n/(-2) + 3).
7
Let d(b) = 28*b - 1. Let l be d(2). Suppose -10 - l = -y. Suppose -2*s = -w - 25, w = 4*s + 4*w - y. What is the remainder when 40 is divided by s?
12
Let y(h) = 4*h + 1. Let x(i) = i**2 + 3*i - 6. Let z be x(-6). Calculate the remainder when y(z) is divided by 13.
10
Let j be 1/(-5) - (-2)/10. Suppose n - 4*n + 42 = j. Let k(u) = -5*u - 26. Calculate the remainder when k(-13) is divided by n.
11
Suppose -4*s = -37 + 1. Let f(z) = -z**2 + 9*z + 4. Calculate the remainder when 5 is divided by f(s).
1
Let a(f) = 2*f**2 - 3*f + 1. Let c be a(2). Suppose 4*v - 3*p - p = -4, 11 = -v + 3*p. Let j = v - c. Calculate the remainder when 1 is divided by j.
0
Let b be 0/(7/((-7)/2)). Suppose -3*o + 4 + 26 = b. What is the remainder when 37 is divided by o?
7
Let v = 41 + -19. Let k(o) = o**2 + 3*o - 6. Let m be k(6). Suppose n = 5*n - m. Calculate the remainder when v is divided by n.
10
Let w(c) = c**2 - 4*c - 6. Calculate the remainder when 10 is divided by w(6).
4
Let g = 331 - 220. Suppose 0 = 3*f - 2*f, 0 = 4*t - 3*f - 112. What is the remainder when g is divided by t?
27
Let g(t) = 20*t - 4. What is the remainder when g(2) is divided by 13?
10
Let m = 47 + -34. Let j = 6 - -4. Suppose -h = -m - j. What is the remainder when h is divided by 8?
7
Let z = -40 - -58. Suppose 3*g + 15 = -j, 0*g - 5*g - 4*j = z. Calculate the remainder when 2/g - 102/(-9) is divided by 6.
5
Suppose -i = 2, -5*m + 60 = 4*i + i. Suppose -c - 6 - 19 = 5*l, c + 2*l + 16 = 0. Calculate the remainder when m is divided by (12/c)/(15/(-100)).
6
Let i = -4 + 49. Let o(a) = 13*a**3 - 3*a**2 + a + 1. What is the remainder when i is divided by o(1)?
9
Let o = 380 + -367. Suppose 3*w + 27 - 135 = 0. Calculate the remainder when w is divided by o.
10
Let c = -13 - -7. Let p(y) = y**3 + 5*y**2 - 8*y - 3. Let j(z) = z + 1. Calculate the remainder when p(c) is divided by j(3).
1
Let b = 6 - -9. What is the remainder when b is divided by 6?
3
Calculate the remainder when 24 is divided by (-3)/15 - (-322)/35.
6
Let k be (-1 + 2)*(1 + 44). Suppose k = 4*w - 19. What is the remainder when 31 is divided by w?
15
Suppose -2*b + 572 = 5*m + 143, 4*m = -3*b + 339. Calculate the remainder when m is divided by 15.
12
Suppose h = 26 + 16. What is the remainder when h is divided by 9?
6
Suppose -2*q = f - 67, -3*f + 5*f = 2*q + 116. Calculate the remainder when f is divided by 32.
29
Let o = -12 + 40. What is the remainder when 108 is divided by o?
24
Let b = -40 + 59. What is the remainder when 35 is divided by b?
16
Let g(y) = 4*y**2 + 2. Suppose -2*r + f - 3*f = -6, 4*f = -2*r + 8. Calculate the remainder when g(r) is divided by 10.
8
Let c(m) = m + 12. Let r be c(-5). Let v(f) = f**2 - 6*f - 4. Let w be v(r). Suppose -13 = -5*k - w. Calculate the remainder when 4 is divided by k.
0
Suppose 0 = -i - 5*i + 96. Calculate the remainder when i is divided by 9.
7
Let t(f) = f**2 - 5*f - 3. Let o be t(6). Let u(h) = 12 - o*h + 5*h - h. What is the remainder when 17 is divided by u(-6)?
5
Let i = 60 + -40. Suppose 15 = -2*b + 3*d + 60, -b + d + i = 0. What is the remainder when 0 + (0 - -40) - -3 is divided by b?
13
Suppose 0 = 4*y + 5*d - 110, 0 = -2*y - 4*d + 25 + 33. What is the remainder when y is divided by 13?
12
Suppose q + 6 = 3*l, l + 0*l - 2*q = -3. Suppose -m + 13 = v + v, l = 3*m. Suppose -b + v*b = 85. Calculate the remainder when b is divided by 9.
8
Let b be 0/(1 + 0) + 10. Let r = 24 - b. Calculate the remainder when r is divided by 8.
6
What is the remainder when 237 is divided by 10*(10 + (-6 - -2))?
57
Suppose 0 = u - 6*u + 50. Suppose 0 = 4*y - 2 - 6. Suppose -s = -y*s + 19. What is the remainder when s is divided by u?
9
Let t = 25 + -9. What is the remainder when (-10)/(-5)*(t - 0) is divided by 17?
15
Let l(s) = 2*s**2 - 7*s - 2. Let t be (-287)/91 - 4/(-26). What is the remainder when 30*t*(-12)/45 is divided by l(5)?
11
Suppose 4*n = u - 19, -4*n - 49 = -0*u + 5*u. Let i(f) = -3*f**2 - 7*f - 7. Let t be i(n). Let s = t - -135. What is the remainder when s is divided by 21?
20
Let d(i) = 3*i**2 + 7*i + 5. Suppose -2*f = -0*f - 24. Suppose -3*q - 3*a - f = 0, -2*q - 4*a = -a + 8. What is the remainder when d(q) is divided by 9?
7
Let l(f) = -f**3 + 8*f**2 - 8*f + 3. Let k be l(7). Let m = 4 + k. Suppose -s + u + m*u + 1 = 0, 2*s + u = 8. What is the remainder when 4 is divided by s?
1
Let o = 37 + -5. What is the remainder when o is divided by 11?
10
Let y(z) = 3*z. Suppose -34*u - 21 = -37*u. What is the remainder when y(4) is divided by u?
5
Suppose 28 = -0*c + 2*c - 4*l, -c - l - 1 = 0. Calculate the remainder when 5 is divided by c.
1
Calculate the remainder when 25 is divided by 3 - (31 - 1)/(-3).
12
Suppose 6 - 11 = -f. Calculate the remainder when 8 is divided by f.
3
Suppose 0 = r - 20 - 4. Suppose 3*v - 5 = 4. Suppose 4 = x, 4*a + v*x - 208 = -2*x. What is the remainder when a is divided by r?
23
Suppose 4*u + 5*u = 18. Let f = 9 + 4. Let b = -7 + f. Calculate the remainder when b is divided by u.
0
Let w = 7 - 4. Suppose 3*s = 3*p + 141, 5*s - 100 = w*p + 141. What is the remainder when s is divided by 14?
8
Let s(i) = -i**3 + 6*i**2 - i - 7. Let r be (10/6)/((-6)/(-18)). Let b(g) = -26*g - 1. What is the remainder when b(-1) is divided by s(r)?
12
Let c(f) = f**3 - 3*f + 4. Calculate the remainder when 18 is divided by c(2).
0
Suppose -t - 7 = n + 4*n, 4*n = 0. Let i(m) = -m**2 - 9*m - 8. Let z be i(t). Suppose -b + z = 2*b. Calculate the remainder when b is divided by 1.
0
Let z = 9 - -3. Let s = -5 + z. What is the remainder when 20 is divided by s?
6
Suppose 6*s - 5 - 37 = 0. What is the remainder when 25 is divided by s?
4
Suppose -5*s - 10 = -25. Suppose -4*t + 77 = 5*v, 0 = 2*v - 2*t - s*t - 44. Calculate the remainder when v is divided by 5.
2
Let q(w) = w**3 - 5*w**2 - 9*w - 6. Calculate the remainder when 86 is divided by q(7).
28
Let s = 27 - -14. Suppose -u - 7 = -s. Let p(d) = -d**2 - 9*d - 6. What is the remainder when u is divided by p(-6)?
10
Let u = 31 + -17. Calculate the remainder when u is divided by 10.
4
Suppose -5*v + 305 = 2*m + 3*m, -v = -4*m - 86. Let b = v - 33. Calculate the remainder when b is divided by 18.
15
Let m = -27 + 54. Let d(j) = j**2 + 10*j - 14. What is the remainder when m is divided by d(-12)?
7
Let h(v) = -v + 5. What is the remainder when 19 is divided by h(-5)?
9
Suppose 3*p + p - 32 = 0. Calculate the remainder when 14 